mainder when j is divided by 43?
39
Let a = -285 + 312. Suppose 0 = -a*v - 1092 + 9246. Calculate the remainder when v is divided by 19.
17
Let u(r) = r**3 + 2*r**2 + 19*r + 77. Suppose 0 = 4*s - t - 1114, 146 + 122 = s + 5*t. Calculate the remainder when s is divided by u(0).
47
Suppose 14*j - 75888 = 5*j - 3*j. What is the remainder when j is divided by 5?
4
Suppose 0 = 2*d + 5*h - 61 - 57, 0 = -2*h - 4. Suppose -55*o - 1593 = -d*o. What is the remainder when o is divided by 18?
15
Let r(x) = -13*x + 2. Suppose 565*u = 563*u + 4*y + 102, -5*u + 73 = 4*y. Calculate the remainder when r(-2) is divided by u.
3
Suppose 25*u = 29*u + 16, 0 = p + 4*u - 630. Calculate the remainder when p is divided by 24.
22
Suppose 0 = -w - 4, 2*v + 4*w = -7 + 19. Calculate the remainder when v is divided by 1*(8/32)/((-1)/(-52)).
1
Suppose -n - 3*a - 24 = -4*n, a + 3 = 0. Suppose -4*z = -0*z - 5*g - 101, -n*z = g - 90. Calculate the remainder when z is divided by 6.
1
Let l = -9695 + 9976. What is the remainder when l is divided by 47?
46
Calculate the remainder when 2/((-13)/((-21931)/14)) is divided by 104.
33
Let p(h) = -7*h**2 + 11*h - 14. Let f = -24 - -30. Let y be p(f). Calculate the remainder when 78 is divided by 81*((y/12)/(-5) - 3).
24
Let w be (-1080)/48*(-2 - 0). Let m be ((-212)/(-25))/(18/w)*5. Suppose 2*o + s = 135, 0 = 5*o - 4*s - 225 - m. What is the remainder when o is divided by 10?
7
Let v be 0/20 - (-6 - 0). Suppose -v*o + 1036 = -206. What is the remainder when o is divided by 35?
32
Suppose 2*q - 5*t - 83 = 0, 4*q - 3*t = 81 + 64. Calculate the remainder when 1358 is divided by q.
32
Let n = 10898 - 10326. Calculate the remainder when n is divided by 156.
104
Let q(f) = 32*f + 1863. What is the remainder when q(-46) is divided by 107?
70
Suppose -22*o - 84 = -8*o. Calculate the remainder when 23 is divided by (-2 - o)/(28/112).
7
Suppose 640 = 3*o - 2*g, -2*g - 2*g - 2360 = -11*o. What is the remainder when o is divided by 109?
107
Suppose -22*u + 43*u - 535 = 20*u. Let h(o) = -35*o - 3. Calculate the remainder when u is divided by h(-2).
66
Let g(j) = 2*j**2 - 13*j - 9. Let n be -7 - -29 - (2 - -1). Let c = -11 + n. What is the remainder when 59 is divided by g(c)?
14
Let u(g) = -g**2 - 2*g - 1. Let t = 80 + -81. Let p be u(t). Suppose -7*o + 0*o + 1001 = p. Calculate the remainder when o is divided by 29.
27
Let f = 8116 - 8105. Calculate the remainder when 325 is divided by f.
6
Let o(t) = t**3 - 14*t**2 + 14*t - 23. Let x be o(13). Calculate the remainder when 138 is divided by (x/4 - -2)/(28/(-2632)).
44
Let p(n) = n**3 - 4*n**2 + 4*n + 6. Calculate the remainder when p(5) is divided by 18*26/(-7488) - ((0 - (-930)/(-32)) + 3).
25
Let v(s) = 1433*s + 4. Calculate the remainder when 39 is divided by v(0).
3
Let s(x) = x**3 + 45*x**2 - 16*x**2 + 12*x - 22*x**2 - 17*x**2 + 5. Calculate the remainder when 92 is divided by s(9).
28
What is the remainder when ((-25)/30)/(49/(-79674)) is divided by 124?
115
Let y(d) = 237*d**2 - 216*d. Calculate the remainder when 3753 is divided by y(1).
15
Let s(w) = -w**3 + 6*w**2 + 10*w - 15. Let m be s(6). Suppose 4*v - 61 = -m. Calculate the remainder when 48 is divided by v.
0
Suppose -2*o - i = 31, 2*i - 62 = 3*o - 12. Let p = o + 14. Calculate the remainder when 29 is divided by p/17 + 552/68.
5
Suppose 6*o + 77 - 53 = 0. Calculate the remainder when ((-128)/224)/(o/938) is divided by 18.
8
Suppose -27911 = -35*q - 3096. Let c(a) = -17*a - 6. Calculate the remainder when q is divided by c(-5).
77
Suppose 19*y - 6 = 70. Let l be (-1)/(-3) + (440/12 - y). Suppose -36*r + 15 = -l*r. What is the remainder when r is divided by 4?
1
Suppose i - 4*i = -9. Let l(b) = -10*b + 105. What is the remainder when (-1965)/(-12) - i - (-2)/8 is divided by l(5)?
51
Suppose -10*d + 13*d = 12. Let t(l) = l + 2. Let c be t(13). Let q = c - d. Calculate the remainder when 28 is divided by q.
6
What is the remainder when 5/(45/(-6))*-30 is divided by 325/(-25) - (-27 - 4)?
2
Suppose 0 = v - 2*r - 187, -58*v + 54*v = 5*r - 813. Calculate the remainder when v is divided by 68.
61
Suppose 2*w - 2*q - 129 = -7*q, q = 3*w - 168. Calculate the remainder when 8264 is divided by w.
56
Suppose 71*l - 14537 - 3411 - 14144 = 0. What is the remainder when l is divided by 7?
4
Suppose -29 - 46 = -j. What is the remainder when j is divided by 15*16/24*1*(-1 + 5)?
35
Let w = 5004 - 4991. Calculate the remainder when 335 is divided by w.
10
Suppose 45414 = 7*u + 43069. What is the remainder when u is divided by (5/4)/(3/48)?
15
Let z = 5041 + -3866. Calculate the remainder when z is divided by 98.
97
Suppose 0 = 5*v - 10 - 10. Suppose 58 - 6 = v*k. What is the remainder when 6/30 - 239/(-5) is divided by k?
9
Suppose -4*v = 4*f + 23 + 1, -22 = 3*v + 2*f. Let k = 15 + v. Let w(i) = -i**3 - i - 2. Calculate the remainder when w(-3) is divided by k.
3
Let k = 0 - -52. Suppose 5*f - k = 23. Calculate the remainder when 15/((-36)/f + 3) is divided by 14.
11
Let j be (2 - -1) + -4 + 6 - -2. Suppose 6*f = -j*f + 117. What is the remainder when 78 is divided by f?
6
Suppose -2833 + 1189 = -216*r + 1812. What is the remainder when 1271 is divided by r?
7
Let l(k) = -k**2 - 278*k - 3394. Calculate the remainder when 6678 is divided by l(-13).
48
Suppose l + 4*p + 84 = -37, l + 89 = 4*p. Let d be l/(-10)*4/(-6). What is the remainder when (199 + -1)/((-6)/(d - -4)) is divided by 17?
14
Suppose -5*w - 10 = 0, -261*i - 1684 = -264*i + 2*w. Calculate the remainder when i is divided by 81.
74
Let x = -11102 - -11170. Calculate the remainder when 1287 is divided by x.
63
What is the remainder when 2600 is divided by (14 - 15)*-17 - -502?
5
Suppose -1515 = 5*b - 10*b - 2*d, 1490 = 5*b - 3*d. Let i = 324 - b. What is the remainder when 79 is divided by i?
10
Let x(i) = -i**3 - 7*i**2 - 3*i + 4. Suppose 12 = 6*n, -23*j + 28*j - 58 = -4*n. Calculate the remainder when x(-7) is divided by j.
5
Let m(t) be the first derivative of -1/4*t**4 - 11 + t**2 + 34*t - 4*t**3. What is the remainder when 47 is divided by m(-12)?
7
Suppose 5*t - 36 - 34 = 0. Suppose 2*h + 3245 = 3*b + 6*h, 2*b - 2164 = -3*h. Suppose 0*s + b = 13*s. Calculate the remainder when s is divided by t.
13
Let t = -269 - -273. Suppose t*i = 17*i - 247. What is the remainder when 78 is divided by i?
2
Suppose 97*b - 62120 - 14565 = 18860. What is the remainder when b is divided by 168?
145
Let n = 169 - 271. Let p = n + 169. Calculate the remainder when p is divided by 25.
17
Suppose 29*i - 12027 - 8824 = 0. Calculate the remainder when i is divided by 80.
79
Suppose i - 2*f = 209, 12*f = 4*i + 11*f - 843. Calculate the remainder when i is divided by 41.
6
Let s = 15 + -8. Suppose 5*y - r - 92 = 0, 6*y - 4*r - s = 5*y. What is the remainder when 55 is divided by y?
17
Let v be (-5 - -5) + 0 + 2. Suppose 5*i = n + 990, -4*n + 0*n + 396 = v*i. Suppose 12 = -3*c, 4*b - 2*c - i = -b. What is the remainder when b is divided by 10?
8
Let h be (1/6)/((-38)/(-228)). Calculate the remainder when 149 is divided by 28 + -6 + (h - 1) + 3.
24
Suppose 88*p = 112*p - 3528. Calculate the remainder when 869 is divided by p.
134
Let i = 356 - 320. Suppose 0 = 6*v + 23 - 107. What is the remainder when i is divided by v?
8
Let l = 12 - 12. Suppose -5*k - x = -280, -2*x - 238 = -4*k - l*k. What is the remainder when k is divided by ((-120)/35)/((-20)/(-28) - 1)?
9
Let j be (10/(-6))/((-225)/1215). Suppose -q = -7*n + 4*n - j, -5*q + 4*n + 45 = 0. Calculate the remainder when -3 - (-24 + -3 + 2) is divided by q.
4
Let b(f) = 31*f**2 - 14*f - 418. Calculate the remainder when b(9) is divided by 17.
12
What is the remainder when 3573 is divided by -4*45/(-3)*2*(-3)/(-10)?
9
Suppose 12*a + 14590 - 15346 = 0. What is the remainder when a is divided by 8?
7
Suppose y + 4*y = -c - 18, 0 = -2*c - y. Let q = -39 - -46. Let n = 14 - q. Calculate the remainder when n is divided by c.
1
Let u = 5463 - 5444. Calculate the remainder when u is divided by (6/12)/((-1)/(-14)).
5
Suppose -6*j - 128 - 280 = 0. Calculate the remainder when (j/(-4))/(((-25)/(-10))/5) is divided by 12.
10
Suppose 10256 = 7*b + 5*i - 10174, -5*b + 4*i + 14608 = 0. What is the remainder when b is divided by 122?
114
Let k = -8437 - -8485. Calculate 